er when 11320 is divided by 3709?
193
Calculate the remainder when 794 is divided by 84.
38
What is the remainder when 17550 is divided by 2923?
12
What is the remainder when 21709 is divided by 1274?
51
Calculate the remainder when 17979 is divided by 8989.
1
Calculate the remainder when 81716 is divided by 40.
36
Calculate the remainder when 21793 is divided by 19.
0
What is the remainder when 391167 is divided by 45?
27
Calculate the remainder when 242144 is divided by 21.
14
Calculate the remainder when 50453 is divided by 720.
53
What is the remainder when 1475 is divided by 688?
99
What is the remainder when 15191 is divided by 6?
5
Calculate the remainder when 1526 is divided by 1262.
264
Calculate the remainder when 4193 is divided by 750.
443
What is the remainder when 20323 is divided by 47?
19
What is the remainder when 842 is divided by 184?
106
Calculate the remainder when 253 is divided by 124.
5
Calculate the remainder when 6752 is divided by 698.
470
Calculate the remainder when 772 is divided by 85.
7
Calculate the remainder when 352668 is divided by 17.
3
Calculate the remainder when 2442 is divided by 25.
17
Calculate the remainder when 4343 is divided by 1068.
71
Calculate the remainder when 3707 is divided by 68.
35
Calculate the remainder when 194531 is divided by 45.
41
Calculate the remainder when 25165 is divided by 11.
8
Calculate the remainder when 87003 is divided by 256.
219
What is the remainder when 4630 is divided by 2240?
150
Calculate the remainder when 7691 is divided by 1537.
6
Calculate the remainder when 33595 is divided by 373.
25
Calculate the remainder when 292167 is divided by 26560.
7
Calculate the remainder when 3744 is divided by 639.
549
What is the remainder when 12803 is divided by 6399?
5
What is the remainder when 30545 is divided by 509?
5
What is the remainder when 2766 is divided by 22?
16
Calculate the remainder when 774 is divided by 263.
248
Calculate the remainder when 145850 is divided by 199.
182
Calculate the remainder when 121045 is divided by 121027.
18
Calculate the remainder when 278713 is divided by 37.
29
Calculate the remainder when 17471 is divided by 8730.
11
Calculate the remainder when 198255 is divided by 53.
35
Calculate the remainder when 14245 is divided by 4746.
7
Calculate the remainder when 75357 is divided by 18.
9
Calculate the remainder when 55674 is divided by 14.
10
Calculate the remainder when 4767 is divided by 881.
362
What is the remainder when 21338 is divided by 5169?
662
What is the remainder when 7430 is divided by 392?
374
What is the remainder when 12769 is divided by 27?
25
Calculate the remainder when 1299 is divided by 459.
381
Calculate the remainder when 55906 is divided by 9.
7
Calculate the remainder when 27789 is divided by 1852.
9
What is the remainder when 5347788 is divided by 241?
239
What is the remainder when 4405 is divided by 265?
165
What is the remainder when 14353 is divided by 2666?
1023
Calculate the remainder when 6379 is divided by 277.
8
Calculate the remainder when 35383 is divided by 54.
13
Calculate the remainder when 1560 is divided by 1542.
18
Calculate the remainder when 89134 is divided by 32.
14
Calculate the remainder when 49483 is divided by 41.
37
Calculate the remainder when 5939819 is divided by 30.
29
Calculate the remainder when 22147 is divided by 11073.
1
Calculate the remainder when 329088 is divided by 58.
54
Calculate the remainder when 1110 is divided by 197.
125
Calculate the remainder when 1836573 is divided by 7.
4
What is the remainder when 4971 is divided by 34?
7
Calculate the remainder when 2295 is divided by 682.
249
Calculate the remainder when 4562 is divided by 184.
146
What is the remainder when 144 is divided by 30?
24
Calculate the remainder when 134973 is divided by 1421.
1399
What is the remainder when 27374 is divided by 21?
11
Calculate the remainder when 6859 is divided by 70.
69
Calculate the remainder when 93226 is divided by 379.
371
Calculate the remainder when 16976 is divided by 679.
1
What is the remainder when 13055 is divided by 538?
143
Calculate the remainder when 1029894 is divided by 106.
104
Calculate the remainder when 11517 is divided by 221.
25
Calculate the remainder when 5807 is divided by 306.
299
Calculate the remainder when 45247 is divided by 2399.
2065
What is the remainder when 40172 is divided by 2852?
244
What is the remainder when 76631 is divided by 38313?
5
What is the remainder when 378 is divided by 16?
10
Calculate the remainder when 19367 is divided by 2760.
47
Calculate the remainder when 1725 is divided by 338.
35
Calculate the remainder when 788289 is divided by 162.
159
What is the remainder when 671858 is divided by 23?
5
What is the remainder when 3891 is divided by 319?
63
What is the remainder when 6140 is divided by 6133?
7
Calculate the remainder when 15812 is divided by 2.
0
Calculate the remainder when 27175 is divided by 193.
155
Calculate the remainder when 4152 is divided by 180.
12
What is the remainder when 31359 is divided by 981?
948
Calculate the remainder when 5058 is divided by 463.
428
Calculate the remainder when 20311 is divided by 9.
7
What is the remainder when 1682 is divided by 111?
17
What is the remainder when 65811 is divided by 13161?
6
Calculate the remainder when 4899671 is divided by 403.
400
Calculate the remainder when 2447 is divided by 1214.
19
What is the remainder when 4183 is divided by 154?
25
What is the remainder when 1334 is divided by 50?
34
Calculate the remainder when 1182 is divided by 634.
548
What is the remainder when 1315857 is divided by 1365?
1362
What is the remainder when 481425 is divided by 2?
1
Calculate the remainder when 18362 is divided by 120.
2
What is the remainder when 48872 is divided by 12216?
8
Calculate the remainder when 25204 is divided by 184.
180
Calculate the remainder when 617689 is divided by 121.
105
What is the remainder when 5145 is divided by 1714?
3
What is the remainder when 26779 is divided by 66?
49
What is the remainder when 114818 is divided by 435?
413
What is the remainder when 8214 is divided by 79?
77
What is the remainder when 8427 is divided by 143?
133
Calculate the remainder when 920 is divided by 687.
233
Calculate the remainder when 601354 is divided by 215.
214
What is the remainder when 8230 is divided by 235?
5
What is the remainder when 84166 is divided by 126?
124
What is the remainder when 49949 is divided by 55?
9
Calculate the remainder when 21911 is divided by 132.
131
Calculate the remainder when 3227 is divided by 89.
23
What is the remainder when 1838624 is divided by 25?
24
Calculate the remainder when 4980 is divided by 747.
498
Calculate the remainder when 2327 is divided by 59.
26
What is the remainder when 1219 is divided by 13?
10
Calculate the remainder when 28791 is divided by 13.
9
What is the remainder when 3726 is divided by 367?
56
What is the remainder when 25360 is divided by 151?
143
What is the remainder when 13386 is divided by 26?
22
What is the remainder when 306224 is divided by 642?
632
What is the remainder when 4492 is divided by 871?
137
Calculate the remainder when 4377 is divided by 1092.
9
Calculate the remainder when 1721418 is divided by 122.
120
What is the remainder when 12264 is divided by 24?
0
What is the remainder when 542 is divided by 112?
94
What is the remainder when 493 is divided by 254?
239
What is the remainder when 25947 is divided by 236?
223
What is the remainder when 129217 is divided by 260?
257
Calculate the remainder when 4095 is divided by 9.
0
What is the remainder when 75023 is divided by 74903?
120
Calculate the remainder when 39519 is divided by 6584.
15
What is the remainder when 10089 is divided by 8?
1
What is the remainder when 613763 is divided by 306876?
11
Calculate the remainder when 12984 is divided by 12932.
52
Calculate the remainder when 3515 is divided by 400.
315
What is the remainder when 299879 is divided by 63?
62
What is the remainder when 5704 is divided by 18?
16
Calculate the remainder when 120081 is divided by 488.
33
Calculate the remainder when 2249 is divided by 294.
191
Calculate the remainder when 2461159 is divided by 65.
64
What is the remainder when 329226 i